{"id":378,"date":"2017-01-25T23:20:17","date_gmt":"2017-01-25T23:20:17","guid":{"rendered":"http:\/\/gata.ese.ipp.pt\/?page_id=378"},"modified":"2018-11-09T12:32:17","modified_gmt":"2018-11-09T12:32:17","slug":"publicacoes","status":"publish","type":"page","link":"https:\/\/gata.ese.ipp.pt\/?page_id=378","title":{"rendered":"Publica\u00e7\u00f5es"},"content":{"rendered":"<p>A publica\u00e7\u00e3o de resultados significa partilhar, divulgar, tornar oficial, validar dados e conte\u00fados de mat\u00e9rias em \u00e1reas cient\u00edficas do estudo que levamos a cabo e proporciona aos investigadores o reconhecimento p\u00fablico dessa descoberta.<\/p>\n<p>Desej\u00e1vel porque, sobretudo na \u00e1rea da educa\u00e7\u00e3o, n\u00e3o tem sido vis\u00edvel o efeito do resultado da investiga\u00e7\u00e3o que se faz.<\/p>\n<p>Nesse sentido, o esfor\u00e7o para devolver a informa\u00e7\u00e3o ao p\u00fablico a que se dirige; perceber como influenciar as pol\u00edticas p\u00fablicas; contribuir para melhorar o trabalho ao n\u00edvel micro, nomeadamente dentro de sala de aula \u00e9 n\u00e3o s\u00f3 necess\u00e1rio, como urgente.<\/p>\n<p>Como defende Boaventura de Sousa Santos (2000), o conhecimento emancipat\u00f3rio deve estabelecer uma dupla ruptura com o senso comum: a ruptura com as evid\u00eancias do senso comum hegem\u00f3nico, feito muitas vezes de preconceitos e de irreflex\u00e3o, e a ruptura com esse conhecimento cient\u00edfico que produzimos, de modo a que as teorias que constru\u00edmos possam ser apropriadas pelos outros, em particular por aqueles que mais podem beneficiar do car\u00e1cter potencialmente emancipat\u00f3rio do conhecimento. A rela\u00e7\u00e3o entre a produ\u00e7\u00e3o de conhecimento e a sua difus\u00e3o \u00e9 uma quest\u00e3o muito importante e, mantendo a autonomia e as regras pr\u00f3prias do campo cient\u00edfico, pensamos que \u00e9 preciso, por via da implica\u00e7\u00e3o dos investigadores, fazer com que esse conhecimento seja objecto de debate e de transforma\u00e7\u00e3o pelas pessoas implicadas.<\/p>\n<p>&nbsp;<\/p>\n","protected":false},"excerpt":{"rendered":"<p>A publica\u00e7\u00e3o de resultados significa partilhar, divulgar, tornar oficial, validar dados e conte\u00fados de mat\u00e9rias em \u00e1reas cient\u00edficas do estudo que levamos a cabo e proporciona aos investigadores o reconhecimento p\u00fablico dessa descoberta. Desej\u00e1vel porque, sobretudo na \u00e1rea da educa\u00e7\u00e3o, n\u00e3o tem sido vis\u00edvel o efeito do resultado da investiga\u00e7\u00e3o que se faz. Nesse sentido, &hellip; <a href=\"https:\/\/gata.ese.ipp.pt\/?page_id=378\" class=\"more-link\">Continue reading<span class=\"screen-reader-text\"> &#8220;Publica\u00e7\u00f5es&#8221;<\/span><\/a><\/p>\n","protected":false},"author":4,"featured_media":0,"parent":0,"menu_order":0,"comment_status":"closed","ping_status":"closed","template":"","meta":{"footnotes":""},"class_list":["post-378","page","type-page","status-publish","hentry"],"_links":{"self":[{"href":"https:\/\/gata.ese.ipp.pt\/index.php?rest_route=\/wp\/v2\/pages\/378","targetHints":{"allow":["GET"]}}],"collection":[{"href":"https:\/\/gata.ese.ipp.pt\/index.php?rest_route=\/wp\/v2\/pages"}],"about":[{"href":"https:\/\/gata.ese.ipp.pt\/index.php?rest_route=\/wp\/v2\/types\/page"}],"author":[{"embeddable":true,"href":"https:\/\/gata.ese.ipp.pt\/index.php?rest_route=\/wp\/v2\/users\/4"}],"replies":[{"embeddable":true,"href":"https:\/\/gata.ese.ipp.pt\/index.php?rest_route=%2Fwp%2Fv2%2Fcomments&post=378"}],"version-history":[{"count":4,"href":"https:\/\/gata.ese.ipp.pt\/index.php?rest_route=\/wp\/v2\/pages\/378\/revisions"}],"predecessor-version":[{"id":789,"href":"https:\/\/gata.ese.ipp.pt\/index.php?rest_route=\/wp\/v2\/pages\/378\/revisions\/789"}],"wp:attachment":[{"href":"https:\/\/gata.ese.ipp.pt\/index.php?rest_route=%2Fwp%2Fv2%2Fmedia&parent=378"}],"curies":[{"name":"wp","href":"https:\/\/api.w.org\/{rel}","templated":true}]}}